{"id":37,"date":"2018-01-15T17:15:11","date_gmt":"2018-01-15T16:15:11","guid":{"rendered":"https:\/\/johannesseyerlein.de\/wald\/?page_id=37"},"modified":"2018-12-14T19:14:29","modified_gmt":"2018-12-14T18:14:29","slug":"37-2","status":"publish","type":"page","link":"https:\/\/johannesseyerlein.de\/wald\/37-2\/","title":{"rendered":"projekt"},"content":{"rendered":"<p class=\"Text\">Wald I<\/p>\n<p class=\"Text\">Johannes Seyerleins gestochen scharfe Wald-Fotografien zeigen eine Urlandschaft, die fasziniert und eigenartig ber\u00fchrt. Wie teilnahmslos und fremd wirken die Birken und Str\u00e4ucher dem Betrachter gegen\u00fcber. Wie seltsam vertraut und menschlich muten ihre Posen in kleinen Gruppen an.<\/p>\n<p class=\"Text\">Kein Mensch ist zu sehen. Kein Haus. Kein Weg. Kein Kondensstreifen am Himmel.<\/p>\n<p class=\"Text\">\n<p class=\"Text\">Dieser Wald braucht uns nicht, er geht uns nichts an. Gerade deshalb lockt er uns und verf\u00fchrt zu einer Auseinandersetzung. Wie sch\u00f6n w\u00e4re es, im Land Ur das Unber\u00fchrte aufzufinden, rein, fremd und unverdorben durch den menschlichen Geist.<\/p>\n<p class=\"Text\">\n<p class=\"Text\">Die Mappe, handgebunden in Leinen, versammelt 8 Gicl\u00e9e-Drucke auf Barytpapier, DIN A3. Die Edition ist begrenzt auf 25 Exemplare + ein Artist Print.<\/p>\n","protected":false},"excerpt":{"rendered":"<p>Wald I Johannes Seyerleins gestochen scharfe Wald-Fotografien zeigen eine Urlandschaft, die fasziniert und eigenartig ber\u00fchrt. Wie teilnahmslos und fremd wirken die Birken und Str\u00e4ucher dem Betrachter gegen\u00fcber. Wie seltsam vertraut und menschlich muten ihre Posen&hellip; <a class=\"excerpt-more-link\" href=\"https:\/\/johannesseyerlein.de\/wald\/37-2\/\">Read More<\/a><\/p>\n","protected":false},"author":1,"featured_media":0,"parent":0,"menu_order":0,"comment_status":"closed","ping_status":"closed","template":"","meta":{"jetpack_post_was_ever_published":false,"footnotes":""},"class_list":["post-37","page","type-page","status-publish","hentry"],"jetpack_sharing_enabled":true,"jetpack_shortlink":"https:\/\/wp.me\/P9yIPt-B","_links":{"self":[{"href":"https:\/\/johannesseyerlein.de\/wald\/wp-json\/wp\/v2\/pages\/37","targetHints":{"allow":["GET"]}}],"collection":[{"href":"https:\/\/johannesseyerlein.de\/wald\/wp-json\/wp\/v2\/pages"}],"about":[{"href":"https:\/\/johannesseyerlein.de\/wald\/wp-json\/wp\/v2\/types\/page"}],"author":[{"embeddable":true,"href":"https:\/\/johannesseyerlein.de\/wald\/wp-json\/wp\/v2\/users\/1"}],"replies":[{"embeddable":true,"href":"https:\/\/johannesseyerlein.de\/wald\/wp-json\/wp\/v2\/comments?post=37"}],"version-history":[{"count":1,"href":"https:\/\/johannesseyerlein.de\/wald\/wp-json\/wp\/v2\/pages\/37\/revisions"}],"predecessor-version":[{"id":107,"href":"https:\/\/johannesseyerlein.de\/wald\/wp-json\/wp\/v2\/pages\/37\/revisions\/107"}],"wp:attachment":[{"href":"https:\/\/johannesseyerlein.de\/wald\/wp-json\/wp\/v2\/media?parent=37"}],"curies":[{"name":"wp","href":"https:\/\/api.w.org\/{rel}","templated":true}]}}

<p class="Text">Wald I</p>
<p class="Text">Johannes Seyerleins gestochen scharfe Wald-Fotografien zeigen eine Urlandschaft, die fasziniert und eigenartig berührt. Wie teilnahmslos und fremd wirken die Birken und Sträucher dem Betrachter gegenüber. Wie seltsam vertraut und menschlich muten ihre Posen in kleinen Gruppen an.</p>
<p class="Text">Kein Mensch ist zu sehen. Kein Haus. Kein Weg. Kein Kondensstreifen am Himmel.</p>
<p class="Text">
<p class="Text">Dieser Wald braucht uns nicht, er geht uns nichts an. Gerade deshalb lockt er uns und verführt zu einer Auseinandersetzung. Wie schön wäre es, im Land Ur das Unberührte aufzufinden, rein, fremd und unverdorben durch den menschlichen Geist.</p>
<p class="Text">
<p class="Text">Die Mappe, handgebunden in Leinen, versammelt 8 Giclée-Drucke auf Barytpapier, DIN A3. Die Edition ist begrenzt auf 25 Exemplare + ein Artist Print.</p>

<p>Wald I Johannes Seyerleins gestochen scharfe Wald-Fotografien zeigen eine Urlandschaft, die fasziniert und eigenartig berührt. Wie teilnahmslos und fremd wirken die Birken und Sträucher dem Betrachter gegenüber. Wie seltsam vertraut und menschlich muten ihre Posen&hellip; <a class="excerpt-more-link" href="https://johannesseyerlein.de/wald/37-2/">Read More</a></p>
